10/120 - 5). Let o = g - -112. Calculate the greatest common divisor of 74 and o.
37
Let f be 9 + (11 + 224/(-21))/((-4)/(-4212)). What is the highest common factor of 1128 and f?
24
Let q be -1*1/(2/(-2)). Let t(c) = c**2 + 22*c - 186. Let o be t(-29). Let m = q + o. Calculate the highest common divisor of 45 and m.
9
Suppose 50*c + 186 = 56*c. Let h(i) = -i**2 + 35*i + 32. Let m be h(c). What is the highest common divisor of m and 24?
12
Let j be (-4 - (-6)/15)/((-3)/15). Let o = -624 + 690. What is the greatest common factor of o and j?
6
Let c(t) = -t**2 - 9*t - 8. Suppose 72 = -20*u + 8*u. Let a be c(u). Calculate the greatest common divisor of 130 and a.
10
Let p(z) = 2*z**2 + 3*z - 6. Let w be p(-6). Suppose 10 = -2*r, -5*k + 1505 = -11*r + 14*r. Calculate the highest common divisor of k and w.
16
Let w be 5910/(-4)*1366/(-683). Calculate the greatest common factor of w and 135.
15
Suppose -2*c + 4*g = -14, -3*g + 567 - 555 = 0. What is the highest common factor of 605 and c?
5
Suppose 9*x - 13*x - 20*x + 2640 = 0. What is the highest common divisor of 704 and x?
22
Let r(x) = -x**3 + 16*x**2 - 19*x + 64. Let i be r(15). Suppose -2*g + i*y + 16 = 4, -4*g = -3*y - 44. Calculate the highest common divisor of g and 49.
7
Let t(r) = 21*r - 92. Suppose -3*g = 3*b - 63, 2*b + 2*b - 40 = -2*g. Let n be t(g). What is the greatest common divisor of 20 and n?
10
Let z(f) = f**2 - 18*f + 5. Let g be z(17). Let t(q) = q**3 - 16*q + 4*q - 141 + 12*q**2 + 140. Let s be t(g). What is the greatest common divisor of s and 11?
11
Suppose -2*v - 2*p - 4 + 2 = 0, 2 = 5*v - 2*p. Suppose v = -0*m - m - 2*y + 64, -3*m + 2*y = -184. What is the greatest common factor of 93 and m?
31
Suppose -5*y + 3*a = -150, -17*y + 90 = -14*y - 5*a. Calculate the greatest common divisor of 375 and y.
15
Suppose -8*o = -692 - 1308. Suppose -66*u + 100 = -61*u. What is the highest common divisor of u and o?
10
Suppose 5*i - 3740 = -0*i. Suppose -5*j + 334 = 2*k, 3*j = 1748*k - 1750*k + 198. Calculate the greatest common divisor of j and i.
68
Let q be 63/42 - ((-3)/2 - -1). Let b(h) = 21 + 18 - 9*h**q + 18*h + h**3 - 43 + 29*h**2. Let c be b(-19). What is the greatest common factor of 15 and c?
15
Suppose 5*m - 6*t = -4*t + 131, -m + 17 = -5*t. Let d be (18/15)/(4/10). Calculate the greatest common divisor of m and d.
3
Let v be (-1)/4 - (-35)/28. Let q be v + 741 + -6*(-4)/12. Suppose q = 4*i + 8*i. What is the highest common factor of i and 93?
31
Let o be (-100)/(-90) + (-102)/(-54) - 1*-11. What is the highest common factor of o and 19222?
14
Suppose -117*q + 165*q - 3840 = 0. Let y be 29136/104 - (-2)/(-13). What is the greatest common factor of y and q?
40
Suppose w + 2*c = -w - 258, -5*w - 4*c - 645 = 0. Let d = 131 + w. Suppose -d*t - 38 = -4*t. What is the greatest common divisor of 133 and t?
19
Let i = 6186 - 6141. What is the greatest common factor of i and 18?
9
Let d be (2 + 6 - -2)*49/14. Let q be (-50)/4*((-3136)/d)/8. What is the greatest common divisor of 56 and q?
28
Suppose 0 = -23*i + 22*i + 4*n + 208, 0 = -2*i - 5*n + 455. What is the highest common divisor of i and 8030?
110
Let x be (1 + -1 - -4)*-1. Let k be 144/(-80)*(1 - x). Let s be ((-21)/k)/(5/45). Calculate the highest common divisor of s and 168.
21
Suppose -1328 = -v - 5*g - 22, g + 6 = 0. What is the highest common divisor of v and 32?
8
Let w = -2 - -9. Let u(n) = -12*n**3 + n + 1. Let v be u(-1). Let p be v + 1 - 3 - -4. Calculate the greatest common factor of p and w.
7
Suppose 0 = k + 2*m - 6, -3*m = -6*k + 3*k - 9. Suppose k = 2*v - 2*a + 2, 14*a - 16*a = -6. What is the greatest common divisor of v and 50?
2
Let y be 8/(-5) + 55470/1075. Calculate the greatest common factor of 1775 and y.
25
Let o = 75086 - 75067. Let k be 2132/14 - 2/7. Calculate the highest common divisor of o and k.
19
Suppose -17*w + 8841 + 2498 = 0. Calculate the highest common divisor of w and 261.
29
Let a = 13758 - 9125. Calculate the highest common factor of 452 and a.
113
Let w be (18/4)/(75/100). Let p be 1 - (4 + -2)*(-3)/w. Let l be 1/(p + -1 - 64/66). What is the highest common factor of l and 55?
11
Suppose 0 = 4*m + 4*d - 552, 5*m - 378*d = -375*d + 666. What is the greatest common divisor of m and 1365?
15
Suppose 5*t = 10*t. Suppose t = 4*z - 2*n - 2638, 0 = -3*z + 4*n + 972 + 1019. Let o = z + -426. Calculate the greatest common divisor of 21 and o.
21
Let f = 495 + -220. Let n = 46 - 35. Calculate the highest common divisor of n and f.
11
Let f = -67 + 70. Suppose 432 = f*q + 5*q. Suppose -q - 66 = -5*m. Calculate the greatest common factor of 264 and m.
24
Let k = 13 + -11. Suppose -p + 12 = k*p. Suppose 2*c - 35 = -y + 29, -p*c + 8 = 0. What is the highest common divisor of 12 and y?
12
Suppose 111*k + 17774 = 24878. Calculate the greatest common factor of k and 3776.
64
Suppose 0 = 3*l - 46*l + 11739. Calculate the highest common factor of 210 and l.
21
Let c(g) = g**2 - 4*g + 8. Let q(n) = n**2 - 44*n - 89. Let z be q(46). Let b be c(z). Let k = 16 + -6. Calculate the highest common factor of b and k.
5
Suppose -20107 = 100*w - 104*w + 3*d, 0 = -2*w - 4*d + 10048. Calculate the highest common factor of 14 and w.
14
Suppose 38949 = -7*g + 43534. What is the greatest common divisor of g and 5?
5
Suppose 4*y = -2*k + y + 88, -5*y = -2*k + 88. What is the highest common divisor of 539 and k?
11
Suppose -306*x = -237*x - 1112280. Calculate the greatest common factor of x and 120.
40
Suppose c + q - 6*q - 887 = 0, -2*c = -5*q - 1759. Calculate the highest common factor of 109 and c.
109
Let b(x) = -x**3 - 14*x**2 + 10*x + 60. Let h be b(-15). Calculate the greatest common factor of h and 75.
15
Let n(d) = 3*d - 4 - d + 49 - 14. Let y be n(-14). Suppose p - y*c = 6 + 23, 67 = 3*p - 5*c. What is the highest common divisor of 126 and p?
14
Let h(m) = -52*m - 1. Let n(j) = -260*j - 6. Let k(z) = -16*h(z) + 3*n(z). Let x be k(6). Let r = -5207 - -5238. What is the highest common factor of x and r?
31
Let b be 75/45*(3261/33 + 8/44). What is the highest common divisor of b and 2235?
15
Suppose 4*i = -3*a + 69, -4*i - a + 4*a = -75. Let w(s) = 9 + i - 4 - s + 2. Let n be w(6). What is the greatest common factor of n and 38?
19
Suppose 240 = j + 3*j. Let o be 20 + (1 + 5 - 5). Suppose o*x = 14*x + 315. Calculate the highest common divisor of j and x.
15
Let q be (-22*15)/((-11)/(88/12)). Let p = -20 + -101. Let f = p + q. Calculate the greatest common factor of f and 9.
9
Suppose 2*p - 4 - 21 = 5*y, 2*p + 5*y + 25 = 0. Suppose -7*r + 6*r + 35 = p. Let z = r + -31. What is the greatest common factor of z and 8?
4
Let o(x) = -3*x**2 - 2*x - 6. Let u be o(-2). Let l be (-71 - (u + 8))*(-1 + 0). What is the highest common divisor of 13 and l?
13
Suppose -3*p = 9, -5*o - 2*p + 406 = -308. Let l = -59 + o. Suppose 2*f + 7 = -z - f, 3*f + 37 = 5*z. What is the greatest common divisor of z and l?
5
Let w = 269 - 179. Let p be 12/(12/3 + (-400)/96). Let i = p + w. Calculate the greatest common divisor of i and 2.
2
Suppose 34 + 16 = 10*m. Suppose 718 = m*o + x, x - 3*x + 6 = 0. Calculate the highest common divisor of 26 and o.
13
Suppose 32*p = 10*p - 7*p + 9425. What is the highest common factor of p and 13?
13
Let d = -1786 - -2171. Calculate the greatest common divisor of 56 and d.
7
Let k = 2 - -9. Let d(n) = n**3 - n**2 - 26*n + 31. Let j be d(6). What is the greatest common factor of j and k?
11
Suppose 12765 = 83*h - 46*h. Let c(v) = v**3 + 7*v**2 + 4*v - 15. Let g be c(-5). What is the highest common divisor of g and h?
15
Let o = -6340 + 7053. What is the greatest common divisor of 155 and o?
31
Let a(j) = -j**2 - 42*j - 345. Let r be a(-24). What is the highest common factor of 4089 and r?
87
Suppose 0 = -44*c + 5436 + 151908. Calculate the greatest common factor of 48 and c.
24
Let u be ((-3)/(-9))/(234/(-81) - -3). Let a(v) = v**3 - 5*v**2 + 17*v + 3. Let g be a(u). What is the highest common factor of g and 8?
4
Suppose 52 = 2*o + 12*t - 8*t, -2*o + 4*t + 60 = 0. Let x be 7*((-2 - -16) + 2 + 2). What is the greatest common divisor of x and o?
14
Let m be 2/(-7) + 69*(-5)/(-105). Let g be m + -4 + (0/(-3) - -169). Suppose o - 4*o = -g. Calculate the greatest common factor of o and 7.
7
Let w be (-2)/(-4